= 61 - 32. Let t = l - -1. Suppose -3*w = -20 - 28. What is the remainder when t is divided by w?
14
Let z(i) = 2*i - 40. Suppose -h = 2*h - 15. Calculate the remainder when z(25) is divided by h.
0
Let q = 114 - 99. Let f(l) = 3*l - 29. Calculate the remainder when 63 is divided by f(q).
15
Let c(x) = x**3 - 3*x**2 + 3*x + 71. Calculate the remainder when 271 is divided by c(0).
58
Suppose 2*g = 3*a - 19, 0*g - 17 = -5*a - 4*g. Let m be 3/(-1*3) - -379. Calculate the remainder when a/(-20) - m/(-8) is divided by 16.
15
Suppose 0 = -w - 0*w + 64. Suppose 0 = 3*u - w - 5. Let b = 25 - u. What is the remainder when b is divided by 2?
0
Suppose 2*o + 42 = 3*o. Suppose 3*l + 3*v - 498 = 0, 0 = l + 2*v - 11 - 156. What is the remainder when l is divided by o?
39
Let d be (55/(-4) - -1) + 45/60. Let b = d + 30. What is the remainder when b is divided by 5?
3
Suppose -4*r + 44 = -4*h, r - 8 - 3 = 3*h. Let l(v) = v**3 + v**2 - 3. Let j be l(0). What is the remainder when (33 + 2 + j)/1 is divided by r?
10
Suppose -7*j + 3*j + w + 49 = 0, 0 = -2*j - 5*w + 41. Let a(d) = -8*d - 40. Calculate the remainder when a(-8) is divided by j.
11
Let o = -75 - 34. What is the remainder when o/(-3 + (-8)/(-4)) is divided by 22?
21
Let k(v) = -6*v - 26. Let p be k(-6). Let f(q) = q**3 - 9*q**2 - 11*q + 14. What is the remainder when 4 is divided by f(p)?
0
Let n = 114 + -43. Let v = -39 + n. What is the remainder when v is divided by 11?
10
Let y(u) = 2*u**2 - u - 32. Calculate the remainder when 154 is divided by y(-6).
16
Let c be (50*-10)/(2/(-2)). Let y(f) = 4*f - 12. Let p be y(4). Suppose a = -p*a + c. Calculate the remainder when a is divided by 34.
32
Let x(j) = -31*j + 383. Calculate the remainder when x(8) is divided by 38.
21
Let y = 30 - 22. Let x be (-6)/9 + 2/(-6). Calculate the remainder when y is divided by 5/(-3)*(x - 2).
3
Let r = -1854 + 1860. Calculate the remainder when 561 is divided by r.
3
Suppose 0*b - 2876 = -4*b. What is the remainder when b is divided by 90?
89
Calculate the remainder when (4/(-6))/(2*1/(-1581)) is divided by 108.
95
Suppose -229*v + 35332 = 63*v. Calculate the remainder when v is divided by 40 + (4 - 2) + -1.
39
Let l be (-1)/(-2) - 148/(-8). Suppose -14*y = -l - 9. Calculate the remainder when 3 is divided by y.
1
Let q(s) = s**3 - s. Let g(f) = 2*f**3 + 4*f**2 + 14*f - 6. Let r(h) = -g(h) + 3*q(h). Calculate the remainder when r(7) is divided by 13.
8
Let n(z) be the first derivative of -z**4/4 + 4*z**3/3 - z**2/2 - 2*z - 19. What is the remainder when 5 is divided by n(3)?
1
Suppose -15*a + 14465 = 40*a. What is the remainder when a is divided by 39?
29
Suppose 6*s + s = -7. Calculate the remainder when 65/(-26)*-202*s/(-5) is divided by 26.
23
Suppose 2*g = -5*x + 36 + 66, 0 = -2*g + 3*x + 102. Calculate the remainder when 149 is divided by g.
47
Let f(k) = k**3 + 10*k**2 - 12*k - 9. Let w be f(-11). Calculate the remainder when 38 is divided by 16 + (w - 3) - (2 - 1).
10
Calculate the remainder when (2/(-3))/((-18)/783) is divided by 18.
11
Let y = 269 + -242. What is the remainder when y is divided by 8?
3
Suppose 3*u = 5*w - 144, -3*u + 10 = 2*u. Calculate the remainder when (86 - -1*(0 + 3))/1 is divided by w.
29
Suppose 565 - 869 = -8*w. Suppose 2*c + 9 + 1 = 2*z, -z - 5*c = -23. What is the remainder when w is divided by z?
6
Let i = -161 - -180. What is the remainder when 194 is divided by i?
4
Suppose 0 = 5*x + 5*h - 1095, -3*x - 64*h + 671 = -68*h. What is the remainder when 451 is divided by x?
9
Let b(c) = c**3 - 3*c - 4. Let z be b(-2). Let d(t) = t**2 - 19*t - 6. What is the remainder when d(z) is divided by 29?
28
Suppose 0 = -4*k - 5 + 89. Let t = 69 - 191. Let x = t + 184. What is the remainder when x is divided by k?
20
What is the remainder when ((-83)/5)/(6/(-180)*6) is divided by 6?
5
Suppose k - 174 = -2*k. What is the remainder when k is divided by 122/4 - ((-3)/(-2))/3?
28
Let h be (15 + -3)/(18/168). Let d = 159 - h. Calculate the remainder when d is divided by 25.
22
Calculate the remainder when 0 + 610 + -4 + -6 + 7 is divided by 29.
27
Suppose 13 + 3 = -4*j, j = 3*z - 91. Calculate the remainder when 54 is divided by z.
25
Suppose 4*w + i - 1694 = 0, -2*w = 4*i - 1132 + 292. Calculate the remainder when w is divided by 87.
76
Suppose -g + 9 + 11 = 0. Calculate the remainder when 698 is divided by g.
18
Let j(w) = 4*w**3 - 3*w**2 - w + 2. Calculate the remainder when j(2) is divided by 11.
9
Suppose -5*t + 144 = 8*h - t, 5*h - 89 = -2*t. Suppose 0*a = 3*a + 42. What is the remainder when (-4)/a - (-1144)/14 is divided by h?
14
Suppose 0 = g + 3*a - 4*a - 5, -3*a - 13 = -2*g. Suppose 7*c = -2*i + g*c + 96, 0 = -c + 2. What is the remainder when i is divided by (-407)/(-33) - 8/6?
10
Suppose -5*p = 4*g - 459, -3*p + 4*g - 67 = -336. Calculate the remainder when p is divided by 19.
15
Let b(x) = 2*x - 15 - x**2 - x + 7*x + 3*x. Let m be b(7). Let s = 23 - m. Calculate the remainder when 29 is divided by s.
9
Suppose -w = -2*w + 24. Suppose 150 = -5*z - 3*j - 60, -3*j - 93 = 2*z. What is the remainder when w is divided by (8/(2 + -26))/(1/z)?
11
Suppose 16*q - 1878 = -1414. What is the remainder when 158 is divided by q?
13
Let l(m) be the second derivative of -21*m**3/2 - m**2/2 - 10*m. Let t(x) = x**2 + 3*x + 1. Let y be t(-2). What is the remainder when l(y) is divided by 21?
20
Let z = 1737 - 1557. Calculate the remainder when z is divided by 75.
30
Let b be (-397)/(-4) - (-3)/(-12). Calculate the remainder when (0 - 1)*-51 + 3 is divided by 2/11 - (-1863)/b.
16
Let i(r) = 9*r + 39. Let y be i(-7). Let j = y + 44. Calculate the remainder when 118 is divided by j.
18
Suppose -3*m + 4*y + 371 = -88, -y = 2*m - 295. Calculate the remainder when m is divided by 38.
35
Let v = 256 + -218. Calculate the remainder when 681 is divided by v.
35
Let g = -157 - -38. Let s = 80 + g. Let h = 65 + s. Calculate the remainder when 77 is divided by h.
25
Suppose 7*a = 116 - 25. Let k(r) = -11*r + 2. Calculate the remainder when k(-2) is divided by a.
11
Let c(a) = -a**2 + 3*a + 21. Let g = 6 - -1. Let r be c(g). What is the remainder when 1/(((-28)/24)/r) is divided by 5?
1
Let j(p) = -2*p - 2. Let y be j(-3). Suppose 1187 - 447 = 37*c. Calculate the remainder when c is divided by (14/y)/((-3)/(-6)).
6
Let g be (-56)/(-10) - (-4)/10. Suppose 0 = 3*b - 3*s - 78, 3*b - 68 = 2*s + 3*s. Calculate the remainder when 729/g + (-5)/(-10) is divided by b.
29
Suppose 0 = 4*z + 4*i - 4, 0*z = 5*z - 4*i - 14. Suppose -g + 5*b = -0*g + 1, -4*g - z*b + 18 = 0. What is the remainder when (18/g)/(3/30) is divided by 12?
9
Suppose -10*z = -5*z - 1875. Suppose 133 = -2*p + z. Calculate the remainder when p is divided by 31.
28
Calculate the remainder when 92 is divided by 96/1824 + (-341)/(-19).
2
Let s(n) = n**3 + 6*n**2 - 4*n + 1. Let f be s(-7). Let t = 2 - f. What is the remainder when (-3)/3 + 88 - 1 is divided by t?
20
Suppose 2*j + 0*j = j. Suppose 2*q - 14 = -j*q. Let w(p) = -p - 2. What is the remainder when q is divided by w(-4)?
1
Suppose -3*z = 2*u - 40, 4*u - 6*z = -4*z + 64. What is the remainder when 49 is divided by u?
15
Suppose 15 = 4*w - 101. Suppose 0 = -5*q - 98 + 18. Let x = 26 + q. Calculate the remainder when w is divided by x.
9
Suppose -13*w = -97 - 33. Suppose 4*d - 6*t - 21 = -3*t, -6 = 2*t. Let j = w + d. Calculate the remainder when 51 is divided by j.
12
Let d be (-112)/(-12) + (-2)/6. Suppose 5*q + d + 1 = 0. What is the remainder when 87 is divided by (-132)/9*3/q?
21
Let l = -32 + 42. What is the remainder when 130 is divided by l?
0
Suppose 2*h + 14 = 4*f, 0*h + 21 = 5*f + h. Suppose -f*u + 25 + 39 = 4*s, 12 = 3*s. What is the remainder when 46 is divided by u?
10
Let r(c) = -c + 43. Suppose -p - 488 = -5*k + 3*p, 4*k = -5*p + 374. What is the remainder when k is divided by r(23)?
16
Suppose 5*t - 3*a - 171 = -a, 3*a = -t + 41. What is the remainder when t is divided by (-4 + 3)*(-19 - 0)?
16
Let c = -42 + 83. Let l = c + -22. Let n(w) = w**3 - 5*w**2 + 7*w - 5. Calculate the remainder when l is divided by n(4).
5
Let b(p) = 15*p - 293. Calculate the remainder when 107 is divided by b(22).
33
Suppose 3*j - 20*j + 2363 = 0. What is the remainder when j is divided by 9?
4
Suppose -6*k + 2